{"id":563,"date":"2025-10-24T18:55:39","date_gmt":"2025-10-24T22:55:39","guid":{"rendered":"https:\/\/maracaibo2026.fedeciv.org\/web2\/?page_id=563"},"modified":"2025-11-02T18:59:49","modified_gmt":"2025-11-02T22:59:49","slug":"conoce-el-logo-y-la-mascota","status":"publish","type":"page","link":"https:\/\/maracaibo2026.fedeciv.org\/web2\/conoce-el-logo-y-la-mascota\/","title":{"rendered":"Conoce el logo y la mascota"},"content":{"rendered":"<p>[et_pb_section fb_built=\u00bb1&#8243; _builder_version=\u00bb4.27.4&#8243; _module_preset=\u00bbdefault\u00bb background_color=\u00bbRGBA(255,255,255,0)\u00bb custom_margin=\u00bb||0px||false|false\u00bb custom_padding=\u00bb||0px||false|false\u00bb global_colors_info=\u00bb{}\u00bb][et_pb_row _builder_version=\u00bb4.27.4&#8243; _module_preset=\u00bbdefault\u00bb background_color=\u00bb#FFFFFF\u00bb width_tablet=\u00bb\u00bb width_phone=\u00bb\u00bb width_last_edited=\u00bbon|phone\u00bb global_colors_info=\u00bb{}\u00bb][et_pb_column type=\u00bb4_4&#8243; _builder_version=\u00bb4.27.4&#8243; _module_preset=\u00bbdefault\u00bb global_colors_info=\u00bb{}\u00bb][et_pb_text _builder_version=\u00bb4.27.4&#8243; _module_preset=\u00bbdefault\u00bb text_font=\u00bb|700||||on|||\u00bb text_font_size=\u00bb25px\u00bb text_orientation=\u00bbjustified\u00bb custom_padding=\u00bb|100px||100px|false|false\u00bb global_colors_info=\u00bb{}\u00bb hover_enabled=\u00bb0&#8243; sticky_enabled=\u00bb0&#8243; custom_margin=\u00bb|0px||0px|false|false\u00bb]<\/p>\n<p style=\"text-align: center;\">Conoce el logo y la mascota que representar\u00e1n la Edici\u00f3n XIX de los Juegos Nacionales FEDECIV en honor a \u201cAngelo Ragone\u201d, a celebrarse en Maracaibo en el mes de octubre de 2026.<\/p>\n<p>[\/et_pb_text][\/et_pb_column][\/et_pb_row][\/et_pb_section][et_pb_section fb_built=\u00bb1&#8243; _builder_version=\u00bb4.27.4&#8243; _module_preset=\u00bbdefault\u00bb background_color=\u00bbRGBA(255,255,255,0)\u00bb custom_margin=\u00bb0px||||false|false\u00bb custom_padding=\u00bb0px||||false|false\u00bb global_colors_info=\u00bb{}\u00bb][et_pb_row column_structure=\u00bb1_2,1_2&#8243; _builder_version=\u00bb4.27.4&#8243; _module_preset=\u00bbdefault\u00bb background_color=\u00bb#FFFFFF\u00bb custom_margin=\u00bb||0px||false|false\u00bb custom_padding=\u00bb||0px||false|false\u00bb global_colors_info=\u00bb{}\u00bb][et_pb_column type=\u00bb1_2&#8243; _builder_version=\u00bb4.27.4&#8243; _module_preset=\u00bbdefault\u00bb global_colors_info=\u00bb{}\u00bb][et_pb_image src=\u00bbhttps:\/\/maracaibo2026.fedeciv.org\/web2\/wp-content\/uploads\/2025\/10\/Tino-mascota-PNG-scaled.png\u00bb title_text=\u00bbTino\u00bb _builder_version=\u00bb4.27.4&#8243; _module_preset=\u00bbdefault\u00bb global_colors_info=\u00bb{}\u00bb][\/et_pb_image][\/et_pb_column][et_pb_column type=\u00bb1_2&#8243; _builder_version=\u00bb4.27.4&#8243; _module_preset=\u00bbdefault\u00bb global_colors_info=\u00bb{}\u00bb][et_pb_text _builder_version=\u00bb4.27.4&#8243; _module_preset=\u00bbdefault\u00bb text_font=\u00bb||||||||\u00bb text_orientation=\u00bbjustified\u00bb custom_margin_tablet=\u00bb\u00bb custom_margin_phone=\u00bb\u00bb custom_margin_last_edited=\u00bbon|tablet\u00bb custom_padding=\u00bb|25px||25px|false|false\u00bb global_colors_info=\u00bb{}\u00bb]<\/p>\n<p>Con gran entusiasmo y un profundo sentido de pertenencia, <strong>Casa D&#8217;Italia de Maracaibo<\/strong>, anfitriona de la<strong> Edici\u00f3n XIX de los Juegos Nacionales FEDECIV en honor a \u201cAngelo Ragone\u201d<\/strong>, les presenta la mascota y el logo que identificaran esta magna celebraci\u00f3n deportiva.<\/p>\n<p>El resultado de un exitoso concurso denominado <strong>\u00abDise\u00f1a y Gana\u00bb,<\/strong> cont\u00f3 con m\u00e1s de 20 propuestas y la votaci\u00f3n de socios, Junta Directiva, Comit\u00e9 Organizador y expertos en dise\u00f1o gr\u00e1fico, es un d\u00fao de s\u00edmbolos que caracterizan la uni\u00f3n de culturas, la pasi\u00f3n por el deporte y el esp\u00edritu acogedor de Maracaibo.<\/p>\n<p><strong>Tino: La mascota que nada con coraz\u00f3n y tradici\u00f3n.<\/strong><\/p>\n<p>La estrella indiscutible es Tino, un carism\u00e1tico manat\u00ed que se convierte en el embajador de la <strong>Edici\u00f3n XIX de los Juegos Nacionales FEDECIV en honor a \u201cAngelo Ragone\u201d<\/strong>.<\/p>\n<p>Tino es noble, amigable y representa la energ\u00eda contagiosa que caracteriza a los zulianos.<\/p>\n<p>Su nombre, un diminutivo cari\u00f1oso de \u00abMartino\u00bb, resuena con la tradici\u00f3n familiar italiana, simbolizando la calidez con la que se acoge a los amigos y visitantes.<\/p>\n<p>&nbsp;<\/p>\n<p>[\/et_pb_text][\/et_pb_column][\/et_pb_row][et_pb_row _builder_version=\u00bb4.27.4&#8243; _module_preset=\u00bbdefault\u00bb background_color=\u00bb#FFFFFF\u00bb custom_margin=\u00bb0px||||false|false\u00bb custom_padding=\u00bb0px||||false|false\u00bb global_colors_info=\u00bb{}\u00bb][et_pb_column type=\u00bb4_4&#8243; _builder_version=\u00bb4.27.4&#8243; _module_preset=\u00bbdefault\u00bb global_colors_info=\u00bb{}\u00bb][et_pb_text _builder_version=\u00bb4.27.4&#8243; _module_preset=\u00bbdefault\u00bb text_orientation=\u00bbjustified\u00bb custom_margin=\u00bb0px||||false|false\u00bb custom_padding=\u00bb0px|25px||25px|false|false\u00bb global_colors_info=\u00bb{}\u00bb]<\/p>\n<p><strong>Su dise\u00f1o es un homenaje a la hermandad \u00edtalo-venezolana:<\/strong><\/p>\n<p><strong>Ra\u00edces italianas: <\/strong>viste una franela azul vibrante, inspirada en la m\u00edtica \u00ab<strong>Azzurra<\/strong>\u00ab, asociada a la selecci\u00f3n italiana de f\u00fatbol, portando con orgullo sus or\u00edgenes.<\/p>\n<p><strong>Conexi\u00f3n zuliana<\/strong>: originario del Lago de Maracaibo, Tino representa la rica biodiversidad local y la profunda conexi\u00f3n marabina.<\/p>\n<p><strong>Tino <\/strong>encarna la fuerza tranquila, la elegancia en el agua y, sobre todo, la determinaci\u00f3n inquebrantable de cada atleta que, como \u00e9l, sabe \u00abnadar contra corriente con constancia y coraz\u00f3n\u00bb.<\/p>\n<p>Su misi\u00f3n se orienta en animar, inspirar y llevar el mensaje de unidad a cada rinc\u00f3n de <strong>Casa D&#8217;Italia<\/strong> y m\u00e1s all\u00e1.<\/p>\n<p>\u00ab\u00a1Con Tino al frente, el deporte se vive con alegr\u00eda, respeto y tradici\u00f3n \u00edtalo venezolana!\u00bb, es el mensaje que acompa\u00f1a a la revelaci\u00f3n de la mascota.<\/p>\n<p>[\/et_pb_text][\/et_pb_column][\/et_pb_row][\/et_pb_section][et_pb_section fb_built=\u00bb1&#8243; _builder_version=\u00bb4.27.4&#8243; _module_preset=\u00bbdefault\u00bb background_color=\u00bbRGBA(255,255,255,0)\u00bb custom_margin=\u00bb0px||||false|false\u00bb custom_padding=\u00bb0px||||false|false\u00bb global_colors_info=\u00bb{}\u00bb][et_pb_row _builder_version=\u00bb4.27.4&#8243; _module_preset=\u00bbdefault\u00bb background_color=\u00bb#FFFFFF\u00bb global_colors_info=\u00bb{}\u00bb][et_pb_column type=\u00bb4_4&#8243; _builder_version=\u00bb4.27.4&#8243; _module_preset=\u00bbdefault\u00bb global_colors_info=\u00bb{}\u00bb][et_pb_text _builder_version=\u00bb4.27.4&#8243; _module_preset=\u00bbdefault\u00bb text_font=\u00bb|700||||on|||\u00bb text_font_size=\u00bb25px\u00bb text_orientation=\u00bbjustified\u00bb custom_padding=\u00bb|100px||100px|false|false\u00bb global_colors_info=\u00bb{}\u00bb custom_margin=\u00bb|0px||0px|false|false\u00bb hover_enabled=\u00bb0&#8243; sticky_enabled=\u00bb0&#8243;]<\/p>\n<p style=\"text-align: center;\"><strong>Un Logo que Ilumina: El s\u00edmbolo de \u00abA Casa Nostra\u00bb<\/strong><\/p>\n<p>[\/et_pb_text][\/et_pb_column][\/et_pb_row][et_pb_row column_structure=\u00bb1_2,1_2&#8243; _builder_version=\u00bb4.27.4&#8243; _module_preset=\u00bbdefault\u00bb background_color=\u00bb#FFFFFF\u00bb global_colors_info=\u00bb{}\u00bb][et_pb_column type=\u00bb1_2&#8243; _builder_version=\u00bb4.27.4&#8243; _module_preset=\u00bbdefault\u00bb global_colors_info=\u00bb{}\u00bb][et_pb_text _builder_version=\u00bb4.27.4&#8243; _module_preset=\u00bbdefault\u00bb text_orientation=\u00bbjustified\u00bb custom_padding=\u00bb|||25px|false|false\u00bb global_colors_info=\u00bb{}\u00bb]<\/p>\n<p>El Logo de la <strong>Edici\u00f3n XIX de los Juegos Nacionales FEDECIV en honor a \u201cAngelo Ragone\u201d<\/strong>, es una impresionante obra de dise\u00f1o que logra la simbiosis perfecta de todo lo que representa al club anfitri\u00f3n, la ciudad de Maracaibo y la comunidad \u00edtalo venezolana.<\/p>\n<p>Al apreciarlo en su conjunto, la uni\u00f3n de sus elementos evoca la poderosa imagen de una antorcha encendida, un s\u00edmbolo atemporal de la luz que gu\u00eda a los atletas en su b\u00fasqueda de la excelencia y la victoria.<\/p>\n<p><strong>Entre sus elementos destacados se encuentran:<\/strong><\/p>\n<p><strong>Ra\u00edces y hogar:<\/strong> referencias del ic\u00f3nico mural de Casa D&#8217;Italia, como el Coliseo y los pinos cipreses, que transportan instant\u00e1neamente a Italia.<\/p>\n<p><strong>Maracaibo en el coraz\u00f3n: <\/strong>elementos emblem\u00e1ticos de la ciudad anfitriona como el majestuoso Puente sobre el Lago, el m\u00edstico rel\u00e1mpago del Catatumbo y el amado sol zuliano.<\/p>\n<p><strong>Identidad nacional: <\/strong>los colores de las banderas de Italia y Venezuela, junto a las 8 estrellas venezolanas, envuelven el dise\u00f1o, celebrando el binomio cultural.<\/p>\n<p><strong>Eslogan de identidad:<\/strong> el logo incluye con orgullo la frase \u00ab<strong>A Casa Nostra<\/strong>\u00ab, que se ha consolidado como el eslogan que define la identidad acogedora del club.<\/p>\n<p>[\/et_pb_text][\/et_pb_column][et_pb_column type=\u00bb1_2&#8243; _builder_version=\u00bb4.27.4&#8243; _module_preset=\u00bbdefault\u00bb global_colors_info=\u00bb{}\u00bb][et_pb_image src=\u00bbhttps:\/\/maracaibo2026.fedeciv.org\/web2\/wp-content\/uploads\/2025\/10\/Logo-fedeciv-PNG.png\u00bb _builder_version=\u00bb4.27.4&#8243; _module_preset=\u00bbdefault\u00bb width=\u00bb63%\u00bb module_alignment=\u00bbcenter\u00bb global_colors_info=\u00bb{}\u00bb][\/et_pb_image][\/et_pb_column][\/et_pb_row][\/et_pb_section][et_pb_section fb_built=\u00bb1&#8243; _builder_version=\u00bb4.27.4&#8243; _module_preset=\u00bbdefault\u00bb background_color=\u00bbRGBA(255,255,255,0)\u00bb custom_margin=\u00bb0px||||false|false\u00bb custom_padding=\u00bb0px||||false|false\u00bb global_colors_info=\u00bb{}\u00bb][et_pb_row _builder_version=\u00bb4.27.4&#8243; _module_preset=\u00bbdefault\u00bb background_color=\u00bb#FFFFFF\u00bb global_colors_info=\u00bb{}\u00bb][et_pb_column type=\u00bb4_4&#8243; _builder_version=\u00bb4.27.4&#8243; _module_preset=\u00bbdefault\u00bb global_colors_info=\u00bb{}\u00bb][et_pb_text _builder_version=\u00bb4.27.4&#8243; _module_preset=\u00bbdefault\u00bb text_font=\u00bb|700||||on|||\u00bb text_font_size=\u00bb25px\u00bb text_orientation=\u00bbjustified\u00bb custom_padding=\u00bb|40px||40px|false|false\u00bb global_colors_info=\u00bb{}\u00bb]<\/p>\n<p>Tanto la mascota como el logo nacieron del concurso \u00ab<strong>Dise\u00f1a y Gana<\/strong>\u00ab, una iniciativa que busc\u00f3 activamente involucrar al socio, sumando a la comunidad en la creaci\u00f3n de la imagen que llevar\u00e1 la <strong>Edici\u00f3n XIX de los Juegos Nacionales FEDECIV en honor a \u201cAngelo Ragone\u201d <\/strong>a la historia.<\/p>\n<p><strong>Casa D&#8217;Italia de Maracaibo<\/strong>, espera con ansias que Tino y el nuevo logo se conviertan en s\u00edmbolos de una fiesta deportiva inolvidable, de gran nivel competitivo y, sobre todo, de la inquebrantable hermandad \u00edtalo venezolana.<\/p>\n<p>[\/et_pb_text][\/et_pb_column][\/et_pb_row][\/et_pb_section]<\/p>\n","protected":false},"excerpt":{"rendered":"<p>Conoce el logo y la mascota que representar\u00e1n la Edici\u00f3n XIX de los Juegos Nacionales FEDECIV en honor a \u201cAngelo Ragone\u201d, a celebrarse en Maracaibo en el mes de octubre de 2026.Con gran entusiasmo y un profundo sentido de pertenencia, Casa D&#8217;Italia de Maracaibo, anfitriona de la Edici\u00f3n XIX de los Juegos Nacionales FEDECIV en [&hellip;]<\/p>\n","protected":false},"author":1,"featured_media":0,"parent":0,"menu_order":0,"comment_status":"closed","ping_status":"closed","template":"","meta":{"_et_pb_use_builder":"on","_et_pb_old_content":"","_et_gb_content_width":"","footnotes":""},"class_list":["post-563","page","type-page","status-publish","hentry"],"_links":{"self":[{"href":"https:\/\/maracaibo2026.fedeciv.org\/web2\/wp-json\/wp\/v2\/pages\/563","targetHints":{"allow":["GET"]}}],"collection":[{"href":"https:\/\/maracaibo2026.fedeciv.org\/web2\/wp-json\/wp\/v2\/pages"}],"about":[{"href":"https:\/\/maracaibo2026.fedeciv.org\/web2\/wp-json\/wp\/v2\/types\/page"}],"author":[{"embeddable":true,"href":"https:\/\/maracaibo2026.fedeciv.org\/web2\/wp-json\/wp\/v2\/users\/1"}],"replies":[{"embeddable":true,"href":"https:\/\/maracaibo2026.fedeciv.org\/web2\/wp-json\/wp\/v2\/comments?post=563"}],"version-history":[{"count":11,"href":"https:\/\/maracaibo2026.fedeciv.org\/web2\/wp-json\/wp\/v2\/pages\/563\/revisions"}],"predecessor-version":[{"id":665,"href":"https:\/\/maracaibo2026.fedeciv.org\/web2\/wp-json\/wp\/v2\/pages\/563\/revisions\/665"}],"wp:attachment":[{"href":"https:\/\/maracaibo2026.fedeciv.org\/web2\/wp-json\/wp\/v2\/media?parent=563"}],"curies":[{"name":"wp","href":"https:\/\/api.w.org\/{rel}","templated":true}]}}